{"id":5716,"date":"2021-03-30T22:05:44","date_gmt":"2021-03-30T20:05:44","guid":{"rendered":"http:\/\/wayy.pl\/sklep\/?post_type=product&#038;p=5716"},"modified":"2026-04-29T07:54:13","modified_gmt":"2026-04-29T05:54:13","slug":"wddm-601","status":"publish","type":"product","link":"https:\/\/wayy.pl\/sklep\/produkt\/wddm-601\/","title":{"rendered":"Modu\u0142 steruj\u0105cy urz\u0105dzeniami wDDM.601 (6xUI, 5xDO, 4xAO)"},"content":{"rendered":"<p>Modu\u0142 ten jest urz\u0105dzeniem typu Slave zapewniaj\u0105cym mo\u017cliwo\u015b\u0107 sterowania r\u00f3\u017cnymi typami urz\u0105dze\u0144 w wielu zagadnieniach automatyki, poprzez kontrol\u0119 sygna\u0142\u00f3w wej\u015bciowych i sterowanie stanami sygna\u0142\u00f3w wyj\u015bciowych. Wsp\u00f3\u0142pracuje z wszystkimi systemami i urz\u0105dzeniami wyposa\u017conymi w interfejs RS-485 obs\u0142uguj\u0105cych protok\u00f3\u0142 Modbus RTU.<\/p>\n<p>Ka\u017cde z wej\u015b\u0107 uniwersalnych (UI) wej\u015b\u0107 mo\u017cna ustawi\u0107 poprzez rejestr konfiguracji, jako wej\u015bcie bezpotencja\u0142owe, wej\u015bcie analogowe 0..10V, wej\u015bcie cyfrowe, wej\u015bcie temperaturowe lub wej\u015bcie rezystancyjne. Do wyj\u015b\u0107 analogowych (AO) mo\u017cemy do\u0142\u0105czy\u0107 odbiornik sygna\u0142u napi\u0119cia sta\u0142ego w zakresie 0..10V. Aby ustawi\u0107 \u017c\u0105dan\u0105 warto\u015b\u0107 napi\u0119cia wyj\u015bciowego, nale\u017cy dokona\u0107 wpisu pod odpowiedni adres pami\u0119ci urz\u0105dzenia.<\/p>\n<ul>\n<li>Modu\u0142 steruj\u0105cy urz\u0105dzeniami z 6 wej\u015bciami uniwersalnymi,<\/li>\n<li>5 wyj\u015b\u0107 przeka\u017anikowych i 4 wyj\u015bcia analogowe,<\/li>\n<li>napi\u0119cie zasilania 22..26V DC,<\/li>\n<li>Modbus RTU Slave.<\/li>\n<\/ul>\n<p><strong>WEJ\u015aCIA UNIWERSALNE:<\/strong><\/p>\n<ul>\n<li>Wej\u015bcia bezpotencja\u0142owe,<\/li>\n<li>Wej\u015bcia analogowe 0..10V,<\/li>\n<li>Wej\u015bcia cyfrowe,<\/li>\n<li>Wej\u015bcia temperaturowe NTC10k.<\/li>\n<li>Wej\u015bcia rezystancyjne.<\/li>\n<\/ul>\n<p><strong>WYJ\u015aCIA CYFROWE:<\/strong><\/p>\n<ul>\n<li>Typ: Styk bezpotencja\u0142owy,<\/li>\n<li>Napi\u0119cie znamionowe: max 250V AC<\/li>\n<li>Pr\u0105d znamionowy dla punktu: 6A<\/li>\n<li>\u017bywotno\u015b\u0107 mechaniczna: 30\u00a0000\u00a0000,<\/li>\n<li>\u017bywotno\u015b\u0107 elektryczna: 250\u00a0000.<\/li>\n<\/ul>\n<p><strong>WYJ\u015aCIA ANALOGOWE<\/strong>:<\/p>\n<ul>\n<li>Zakres 0,00..10,00V,<\/li>\n<li>Maksymalny b\u0142\u0105d przetwarzania (z offset = 0,00V): \u00b12% pe\u0142nego zakresu,<\/li>\n<li>Rozdzielczo\u015b\u0107 0,01V.<\/li>\n<li>Mo\u017cliwo\u015b\u0107 ustawienia wyj\u015bcia w tryb sygna\u0142u PWM (0\/10)V.<\/li>\n<\/ul>\n<p>&nbsp;<\/p>\n<p><span style=\"color: #000000\"><strong>Tego potrzebujesz do konfiguracji modu\u0142u<\/strong><\/span><\/p>\n<p>&nbsp;<\/p>\n<p><a href=\"http:\/\/wayy.pl\/sklep\/produkt\/konwerter-usb-rs485-ch340-modbus-profibus-plc\/\"><img decoding=\"async\" class=\"alignnone size-full wp-image-5692 hvr-grow\" src=\"https:\/\/wayy.pl\/sklep\/wp-content\/uploads\/sites\/17\/2021\/03\/150px-konwerter-USB.jpg\" alt=\"\" width=\"150\" height=\"150\" srcset=\"https:\/\/wayy.pl\/sklep\/wp-content\/uploads\/sites\/17\/2021\/03\/150px-konwerter-USB.jpg 150w, https:\/\/wayy.pl\/sklep\/wp-content\/uploads\/sites\/17\/2021\/03\/150px-konwerter-USB-100x100.jpg 100w\" sizes=\"(max-width: 150px) 100vw, 150px\" \/><\/a><a href=\"http:\/\/wayy.pl\/sklep\/produkt\/zasilacz\/\"><img decoding=\"async\" class=\"alignnone size-full wp-image-5688 hvr-grow\" src=\"https:\/\/wayy.pl\/sklep\/wp-content\/uploads\/sites\/17\/2021\/03\/150px-zasilacz.jpg\" alt=\"\" width=\"150\" height=\"150\" srcset=\"https:\/\/wayy.pl\/sklep\/wp-content\/uploads\/sites\/17\/2021\/03\/150px-zasilacz.jpg 150w, https:\/\/wayy.pl\/sklep\/wp-content\/uploads\/sites\/17\/2021\/03\/150px-zasilacz-100x100.jpg 100w\" sizes=\"(max-width: 150px) 100vw, 150px\" \/><\/a> \u00a0 <a href=\"http:\/\/wayy.pl\/sklep\/produkt\/oprogramowanie-deviceconfigurator\/\">\u00a0\u00a0<\/a><a href=\"https:\/\/wayy.pl\/sklep\/produkt\/oprogramowanie-deviceconfigurator\/\"><img decoding=\"async\" class=\"alignnone size-full wp-image-5614 hvr-grow\" src=\"https:\/\/wayy.pl\/sklep\/wp-content\/uploads\/sites\/17\/2021\/03\/dc-150px.png\" alt=\"\" width=\"150\" height=\"150\" srcset=\"https:\/\/wayy.pl\/sklep\/wp-content\/uploads\/sites\/17\/2021\/03\/dc-150px.png 150w, https:\/\/wayy.pl\/sklep\/wp-content\/uploads\/sites\/17\/2021\/03\/dc-150px-100x100.png 100w\" sizes=\"(max-width: 150px) 100vw, 150px\" \/><\/a> <a href=\"http:\/\/wayy.pl\/sklep\/produkt\/przewod-zasilajaco-transmisyjny-bit-liycy-uv-2x2x05mm2\/\"><img loading=\"lazy\" decoding=\"async\" class=\"alignnone size-full wp-image-5679 hvr-grow\" src=\"https:\/\/wayy.pl\/sklep\/wp-content\/uploads\/sites\/17\/2021\/03\/150px-przewod-zas-trans.jpg\" alt=\"\" width=\"150\" height=\"150\" srcset=\"https:\/\/wayy.pl\/sklep\/wp-content\/uploads\/sites\/17\/2021\/03\/150px-przewod-zas-trans.jpg 150w, https:\/\/wayy.pl\/sklep\/wp-content\/uploads\/sites\/17\/2021\/03\/150px-przewod-zas-trans-100x100.jpg 100w\" sizes=\"(max-width: 150px) 100vw, 150px\" \/><\/a><\/p>\n","protected":false},"excerpt":{"rendered":"<ul>\n<li><strong>cena przy ilo\u015bci: 2+\u00a0 \u00a0 \u00a0636 PLN <\/strong>+ 23% VAT \/ szt.<\/li>\n<li><strong>cena przy ilo\u015bci: 6+\u00a0 \u00a0 \u00a0572 PLN <\/strong>+ 23% VAT \/ szt.<\/li>\n<li><strong>cena przy ilo\u015bci: 10+\u00a0 \u00a0516 PLN <\/strong>+ 23% VAT \/ szt.<\/li>\n<li><strong>cena przy ilo\u015bci: 21+\u00a0 \u00a0465 PLN <\/strong>+ 23% VAT \/ szt.<\/li>\n<\/ul>\n<p><a href=\"http:\/\/wayy.pl\/sklep\/konfiguracja\"><img decoding=\"async\" class=\"alignnone size-full wp-image-5852 hvr-grow\" src=\"https:\/\/wayy.pl\/sklep\/wp-content\/uploads\/sites\/17\/2021\/03\/stronka_ten-produkt.svg\" alt=\"\" \/><\/a><\/p>\n<p><img loading=\"lazy\" decoding=\"async\" class=\"alignnone wp-image-10156 size-full\" src=\"https:\/\/wayy.pl\/sklep\/wp-content\/uploads\/sites\/17\/2023\/05\/baner.jpg\" alt=\"\" width=\"1200\" height=\"300\" \/><\/p>\n","protected":false},"featured_media":9582,"template":"","meta":{"site-sidebar-layout":"default","site-content-layout":"default","ast-site-content-layout":"default","site-content-style":"default","site-sidebar-style":"default","ast-global-header-display":"","ast-banner-title-visibility":"","ast-main-header-display":"","ast-hfb-above-header-display":"","ast-hfb-below-header-display":"","ast-hfb-mobile-header-display":"","site-post-title":"","ast-breadcrumbs-content":"","ast-featured-img":"","footer-sml-layout":"","theme-transparent-header-meta":"default","adv-header-id-meta":"","stick-header-meta":"default","header-above-stick-meta":"","header-main-stick-meta":"","header-below-stick-meta":"","astra-migrate-meta-layouts":"set","ast-page-background-enabled":"default","ast-page-background-meta":{"desktop":{"background-color":"","background-image":"","background-repeat":"repeat","background-position":"center center","background-size":"auto","background-attachment":"scroll","background-type":"","background-media":"","overlay-type":"","overlay-color":"","overlay-opacity":"","overlay-gradient":""},"tablet":{"background-color":"","background-image":"","background-repeat":"repeat","background-position":"center center","background-size":"auto","background-attachment":"scroll","background-type":"","background-media":"","overlay-type":"","overlay-color":"","overlay-opacity":"","overlay-gradient":""},"mobile":{"background-color":"","background-image":"","background-repeat":"repeat","background-position":"center center","background-size":"auto","background-attachment":"scroll","background-type":"","background-media":"","overlay-type":"","overlay-color":"","overlay-opacity":"","overlay-gradient":""}},"ast-content-background-meta":{"desktop":{"background-color":"var(--ast-global-color-5)","background-image":"","background-repeat":"repeat","background-position":"center center","background-size":"auto","background-attachment":"scroll","background-type":"","background-media":"","overlay-type":"","overlay-color":"","overlay-opacity":"","overlay-gradient":""},"tablet":{"background-color":"var(--ast-global-color-5)","background-image":"","background-repeat":"repeat","background-position":"center center","background-size":"auto","background-attachment":"scroll","background-type":"","background-media":"","overlay-type":"","overlay-color":"","overlay-opacity":"","overlay-gradient":""},"mobile":{"background-color":"var(--ast-global-color-5)","background-image":"","background-repeat":"repeat","background-position":"center center","background-size":"auto","background-attachment":"scroll","background-type":"","background-media":"","overlay-type":"","overlay-color":"","overlay-opacity":"","overlay-gradient":""}}},"product_cat":[76,96],"product_tag":[43,46,44,45],"woo-feed-brand":[],"class_list":{"0":"post-5716","1":"product","2":"type-product","3":"status-publish","4":"has-post-thumbnail","6":"product_cat-moduly-2","7":"product_cat-moduly-sterujace-urzadzeniami","8":"product_tag-automatyka","9":"product_tag-modbus","10":"product_tag-modul","11":"product_tag-sterowanie","12":"product_shipping_class-torba_papierowa_mala","13":"desktop-align-left","14":"tablet-align-left","15":"mobile-align-left","16":"ast-product-gallery-layout-horizontal","17":"ast-product-gallery-with-no-image","18":"ast-magnify-disabled","19":"ast-product-tabs-layout-horizontal","21":"first","22":"instock","23":"featured","24":"taxable","25":"shipping-taxable","26":"purchasable","27":"product-type-simple"},"yoast_head":"<!-- This site is optimized with the Yoast SEO plugin v23.3 - https:\/\/yoast.com\/wordpress\/plugins\/seo\/ -->\n<title>Modu\u0142 steruj\u0105cy urz\u0105dzeniami wDDM.601 (6xUI, 5xDO, 4xAO) - Sklep Wayy<\/title>\n<meta name=\"description\" content=\"Ten modu\u0142 steruj\u0105cy jest urz\u0105dzeniem typu Slave zapewniaj\u0105cym mo\u017cliwo\u015b\u0107 sterowania r\u00f3\u017cnymi typami urz\u0105dze\u0144 w wielu zagadnieniach automatyki.\" \/>\n<meta name=\"robots\" content=\"index, follow, max-snippet:-1, max-image-preview:large, max-video-preview:-1\" \/>\n<link rel=\"canonical\" href=\"https:\/\/wayy.pl\/sklep\/produkt\/wddm-601\/\" \/>\n<meta property=\"og:locale\" content=\"pl_PL\" \/>\n<meta property=\"og:type\" content=\"article\" \/>\n<meta property=\"og:title\" content=\"Modu\u0142 steruj\u0105cy urz\u0105dzeniami wDDM.601 (6xUI, 5xDO, 4xAO) - Sklep Wayy\" \/>\n<meta property=\"og:description\" content=\"Ten modu\u0142 steruj\u0105cy jest urz\u0105dzeniem typu Slave zapewniaj\u0105cym mo\u017cliwo\u015b\u0107 sterowania r\u00f3\u017cnymi typami urz\u0105dze\u0144 w wielu zagadnieniach automatyki.\" \/>\n<meta property=\"og:url\" content=\"https:\/\/wayy.pl\/sklep\/produkt\/wddm-601\/\" \/>\n<meta property=\"og:site_name\" content=\"Sklep Wayy\" \/>\n<meta property=\"article:modified_time\" content=\"2026-04-29T05:54:13+00:00\" \/>\n<meta property=\"og:image\" content=\"https:\/\/wayy.pl\/sklep\/wp-content\/uploads\/sites\/17\/2023\/02\/wddm.601.webp\" \/>\n\t<meta property=\"og:image:width\" content=\"600\" \/>\n\t<meta property=\"og:image:height\" content=\"600\" \/>\n\t<meta property=\"og:image:type\" content=\"image\/webp\" \/>\n<meta name=\"twitter:card\" content=\"summary_large_image\" \/>\n<meta name=\"twitter:label1\" content=\"Szacowany czas czytania\" \/>\n\t<meta name=\"twitter:data1\" content=\"1 minuta\" \/>\n<script type=\"application\/ld+json\" class=\"yoast-schema-graph\">{\"@context\":\"https:\/\/schema.org\",\"@graph\":[{\"@type\":\"WebPage\",\"@id\":\"https:\/\/wayy.pl\/sklep\/produkt\/wddm-601\/\",\"url\":\"https:\/\/wayy.pl\/sklep\/produkt\/wddm-601\/\",\"name\":\"Modu\u0142 steruj\u0105cy urz\u0105dzeniami wDDM.601 (6xUI, 5xDO, 4xAO) - Sklep Wayy\",\"isPartOf\":{\"@id\":\"https:\/\/wayy.pl\/sklep\/#website\"},\"primaryImageOfPage\":{\"@id\":\"https:\/\/wayy.pl\/sklep\/produkt\/wddm-601\/#primaryimage\"},\"image\":{\"@id\":\"https:\/\/wayy.pl\/sklep\/produkt\/wddm-601\/#primaryimage\"},\"thumbnailUrl\":\"https:\/\/wayy.pl\/sklep\/wp-content\/uploads\/sites\/17\/2023\/02\/wddm.601.webp\",\"datePublished\":\"2021-03-30T20:05:44+00:00\",\"dateModified\":\"2026-04-29T05:54:13+00:00\",\"description\":\"Ten modu\u0142 steruj\u0105cy jest urz\u0105dzeniem typu Slave zapewniaj\u0105cym mo\u017cliwo\u015b\u0107 sterowania r\u00f3\u017cnymi typami urz\u0105dze\u0144 w wielu zagadnieniach automatyki.\",\"breadcrumb\":{\"@id\":\"https:\/\/wayy.pl\/sklep\/produkt\/wddm-601\/#breadcrumb\"},\"inLanguage\":\"pl-PL\",\"potentialAction\":[{\"@type\":\"ReadAction\",\"target\":[\"https:\/\/wayy.pl\/sklep\/produkt\/wddm-601\/\"]}]},{\"@type\":\"ImageObject\",\"inLanguage\":\"pl-PL\",\"@id\":\"https:\/\/wayy.pl\/sklep\/produkt\/wddm-601\/#primaryimage\",\"url\":\"https:\/\/wayy.pl\/sklep\/wp-content\/uploads\/sites\/17\/2023\/02\/wddm.601.webp\",\"contentUrl\":\"https:\/\/wayy.pl\/sklep\/wp-content\/uploads\/sites\/17\/2023\/02\/wddm.601.webp\",\"width\":600,\"height\":600,\"caption\":\"modu\u0142 steruj\u0105cy urz\u0105dzeniami\"},{\"@type\":\"BreadcrumbList\",\"@id\":\"https:\/\/wayy.pl\/sklep\/produkt\/wddm-601\/#breadcrumb\",\"itemListElement\":[{\"@type\":\"ListItem\",\"position\":1,\"name\":\"Automatyka przemys\u0142owa\",\"item\":\"https:\/\/wayy.pl\/sklep\/\"},{\"@type\":\"ListItem\",\"position\":2,\"name\":\"Produkty\",\"item\":\"https:\/\/wayy.pl\/sklep\/shop\/\"},{\"@type\":\"ListItem\",\"position\":3,\"name\":\"Modu\u0142y\",\"item\":\"https:\/\/wayy.pl\/sklep\/kategoria-produktu\/moduly-2\/\"},{\"@type\":\"ListItem\",\"position\":4,\"name\":\"Modu\u0142 steruj\u0105cy urz\u0105dzeniami wDDM.601 (6xUI, 5xDO, 4xAO)\"}]},{\"@type\":\"WebSite\",\"@id\":\"https:\/\/wayy.pl\/sklep\/#website\",\"url\":\"https:\/\/wayy.pl\/sklep\/\",\"name\":\"Sklep Wayy\",\"description\":\"Automatyka przemys\u0142owa. 6 lat gwarancji.\",\"publisher\":{\"@id\":\"https:\/\/wayy.pl\/sklep\/#organization\"},\"potentialAction\":[{\"@type\":\"SearchAction\",\"target\":{\"@type\":\"EntryPoint\",\"urlTemplate\":\"https:\/\/wayy.pl\/sklep\/?s={search_term_string}\"},\"query-input\":\"required name=search_term_string\"}],\"inLanguage\":\"pl-PL\"},{\"@type\":\"Organization\",\"@id\":\"https:\/\/wayy.pl\/sklep\/#organization\",\"name\":\"Wayy - automatyka przemys\u0142owa\",\"url\":\"https:\/\/wayy.pl\/sklep\/\",\"logo\":{\"@type\":\"ImageObject\",\"inLanguage\":\"pl-PL\",\"@id\":\"https:\/\/wayy.pl\/sklep\/#\/schema\/logo\/image\/\",\"url\":\"https:\/\/wayy.pl\/sklep\/wp-content\/uploads\/sites\/17\/2021\/03\/wayy.png\",\"contentUrl\":\"https:\/\/wayy.pl\/sklep\/wp-content\/uploads\/sites\/17\/2021\/03\/wayy.png\",\"width\":1001,\"height\":352,\"caption\":\"Wayy - automatyka przemys\u0142owa\"},\"image\":{\"@id\":\"https:\/\/wayy.pl\/sklep\/#\/schema\/logo\/image\/\"},\"sameAs\":[\"https:\/\/www.linkedin.com\/company\/klimat-solec\",\"https:\/\/www.youtube.com\/user\/KlimatSolec\"]}]}<\/script>\n<!-- \/ Yoast SEO plugin. -->","yoast_head_json":{"title":"Modu\u0142 steruj\u0105cy urz\u0105dzeniami wDDM.601 (6xUI, 5xDO, 4xAO) - Sklep Wayy","description":"Ten modu\u0142 steruj\u0105cy jest urz\u0105dzeniem typu Slave zapewniaj\u0105cym mo\u017cliwo\u015b\u0107 sterowania r\u00f3\u017cnymi typami urz\u0105dze\u0144 w wielu zagadnieniach automatyki.","robots":{"index":"index","follow":"follow","max-snippet":"max-snippet:-1","max-image-preview":"max-image-preview:large","max-video-preview":"max-video-preview:-1"},"canonical":"https:\/\/wayy.pl\/sklep\/produkt\/wddm-601\/","og_locale":"pl_PL","og_type":"article","og_title":"Modu\u0142 steruj\u0105cy urz\u0105dzeniami wDDM.601 (6xUI, 5xDO, 4xAO) - Sklep Wayy","og_description":"Ten modu\u0142 steruj\u0105cy jest urz\u0105dzeniem typu Slave zapewniaj\u0105cym mo\u017cliwo\u015b\u0107 sterowania r\u00f3\u017cnymi typami urz\u0105dze\u0144 w wielu zagadnieniach automatyki.","og_url":"https:\/\/wayy.pl\/sklep\/produkt\/wddm-601\/","og_site_name":"Sklep Wayy","article_modified_time":"2026-04-29T05:54:13+00:00","og_image":[{"width":600,"height":600,"url":"https:\/\/wayy.pl\/sklep\/wp-content\/uploads\/sites\/17\/2023\/02\/wddm.601.webp","type":"image\/webp"}],"twitter_card":"summary_large_image","twitter_misc":{"Szacowany czas czytania":"1 minuta"},"schema":{"@context":"https:\/\/schema.org","@graph":[{"@type":"WebPage","@id":"https:\/\/wayy.pl\/sklep\/produkt\/wddm-601\/","url":"https:\/\/wayy.pl\/sklep\/produkt\/wddm-601\/","name":"Modu\u0142 steruj\u0105cy urz\u0105dzeniami wDDM.601 (6xUI, 5xDO, 4xAO) - Sklep Wayy","isPartOf":{"@id":"https:\/\/wayy.pl\/sklep\/#website"},"primaryImageOfPage":{"@id":"https:\/\/wayy.pl\/sklep\/produkt\/wddm-601\/#primaryimage"},"image":{"@id":"https:\/\/wayy.pl\/sklep\/produkt\/wddm-601\/#primaryimage"},"thumbnailUrl":"https:\/\/wayy.pl\/sklep\/wp-content\/uploads\/sites\/17\/2023\/02\/wddm.601.webp","datePublished":"2021-03-30T20:05:44+00:00","dateModified":"2026-04-29T05:54:13+00:00","description":"Ten modu\u0142 steruj\u0105cy jest urz\u0105dzeniem typu Slave zapewniaj\u0105cym mo\u017cliwo\u015b\u0107 sterowania r\u00f3\u017cnymi typami urz\u0105dze\u0144 w wielu zagadnieniach automatyki.","breadcrumb":{"@id":"https:\/\/wayy.pl\/sklep\/produkt\/wddm-601\/#breadcrumb"},"inLanguage":"pl-PL","potentialAction":[{"@type":"ReadAction","target":["https:\/\/wayy.pl\/sklep\/produkt\/wddm-601\/"]}]},{"@type":"ImageObject","inLanguage":"pl-PL","@id":"https:\/\/wayy.pl\/sklep\/produkt\/wddm-601\/#primaryimage","url":"https:\/\/wayy.pl\/sklep\/wp-content\/uploads\/sites\/17\/2023\/02\/wddm.601.webp","contentUrl":"https:\/\/wayy.pl\/sklep\/wp-content\/uploads\/sites\/17\/2023\/02\/wddm.601.webp","width":600,"height":600,"caption":"modu\u0142 steruj\u0105cy urz\u0105dzeniami"},{"@type":"BreadcrumbList","@id":"https:\/\/wayy.pl\/sklep\/produkt\/wddm-601\/#breadcrumb","itemListElement":[{"@type":"ListItem","position":1,"name":"Automatyka przemys\u0142owa","item":"https:\/\/wayy.pl\/sklep\/"},{"@type":"ListItem","position":2,"name":"Produkty","item":"https:\/\/wayy.pl\/sklep\/shop\/"},{"@type":"ListItem","position":3,"name":"Modu\u0142y","item":"https:\/\/wayy.pl\/sklep\/kategoria-produktu\/moduly-2\/"},{"@type":"ListItem","position":4,"name":"Modu\u0142 steruj\u0105cy urz\u0105dzeniami wDDM.601 (6xUI, 5xDO, 4xAO)"}]},{"@type":"WebSite","@id":"https:\/\/wayy.pl\/sklep\/#website","url":"https:\/\/wayy.pl\/sklep\/","name":"Sklep Wayy","description":"Automatyka przemys\u0142owa. 6 lat gwarancji.","publisher":{"@id":"https:\/\/wayy.pl\/sklep\/#organization"},"potentialAction":[{"@type":"SearchAction","target":{"@type":"EntryPoint","urlTemplate":"https:\/\/wayy.pl\/sklep\/?s={search_term_string}"},"query-input":"required name=search_term_string"}],"inLanguage":"pl-PL"},{"@type":"Organization","@id":"https:\/\/wayy.pl\/sklep\/#organization","name":"Wayy - automatyka przemys\u0142owa","url":"https:\/\/wayy.pl\/sklep\/","logo":{"@type":"ImageObject","inLanguage":"pl-PL","@id":"https:\/\/wayy.pl\/sklep\/#\/schema\/logo\/image\/","url":"https:\/\/wayy.pl\/sklep\/wp-content\/uploads\/sites\/17\/2021\/03\/wayy.png","contentUrl":"https:\/\/wayy.pl\/sklep\/wp-content\/uploads\/sites\/17\/2021\/03\/wayy.png","width":1001,"height":352,"caption":"Wayy - automatyka przemys\u0142owa"},"image":{"@id":"https:\/\/wayy.pl\/sklep\/#\/schema\/logo\/image\/"},"sameAs":["https:\/\/www.linkedin.com\/company\/klimat-solec","https:\/\/www.youtube.com\/user\/KlimatSolec"]}]}},"tiered_pricing_type":"fixed","tiered_pricing_fixed_rules":[],"tiered_pricing_product_settings":{"layout":"default","base_unit_name":{"singular":null,"plural":null},"default_variation":null},"tiered_pricing_minimum_quantity":1,"tiered_pricing_roles_data":[],"tiered_pricing_percentage_rules":[],"_links":{"self":[{"href":"https:\/\/wayy.pl\/sklep\/wp-json\/wp\/v2\/product\/5716"}],"collection":[{"href":"https:\/\/wayy.pl\/sklep\/wp-json\/wp\/v2\/product"}],"about":[{"href":"https:\/\/wayy.pl\/sklep\/wp-json\/wp\/v2\/types\/product"}],"wp:featuredmedia":[{"embeddable":true,"href":"https:\/\/wayy.pl\/sklep\/wp-json\/wp\/v2\/media\/9582"}],"wp:attachment":[{"href":"https:\/\/wayy.pl\/sklep\/wp-json\/wp\/v2\/media?parent=5716"}],"wp:term":[{"taxonomy":"product_cat","embeddable":true,"href":"https:\/\/wayy.pl\/sklep\/wp-json\/wp\/v2\/product_cat?post=5716"},{"taxonomy":"product_tag","embeddable":true,"href":"https:\/\/wayy.pl\/sklep\/wp-json\/wp\/v2\/product_tag?post=5716"},{"taxonomy":"woo-feed-brand","embeddable":true,"href":"https:\/\/wayy.pl\/sklep\/wp-json\/wp\/v2\/woo-feed-brand?post=5716"}],"curies":[{"name":"wp","href":"https:\/\/api.w.org\/{rel}","templated":true}]}}